19, -c - z + 8 = 0. What is j(c)?
12
Let z(b) = 3*b - 6. Suppose 104 = -83*c + 109*c. Determine z(c).
6
Suppose 176*z - 180*z + 10 = -a, 2*z = 5*a - 4. Let t(d) be the third derivative of 0*d**z + 0 - 12*d**2 + 0*d + 5/12*d**4. Give t(1).
10
Let h(s) = s**2 + 3*s - 6. Let a be h(-5). Let g(p) = -8*p + 2*p - 5*p + 2*p. Let y(k) = -26*k + 1. Let r(d) = -17*g(d) + 6*y(d). Give r(a).
-6
Let z(p) = 7*p**3 + 2*p**2 - 3*p - 4. Suppose -2 - 2 = 4*y. Let m be z(y). Let v(u) = -1 - 4 + 0 - 2*u. Calculate v(m).
7
Let k(m) = -m**3 - 7*m**2 + 3*m + 10. Let b = -3 - -3. Suppose b = -3*w - 5*w - 56. Determine k(w).
-11
Let k(x) = x**3 + 7*x**2 - 2*x - 10. Let l(z) = -7*z**2 - z - 1. Suppose 1 = 2*t - 3*t. Let v be l(t). Give k(v).
4
Let v(o) = o**2 - 3*o. Let z be v(4). Suppose -5*q - z*n - 2 - 15 = 0, -q = -2*n - 5. Let s(k) = -5*k**3 + k**2 + k + 1. Calculate s(q).
6
Let b = 280 - 282. Let y(v) = -5*v**3 + 3*v**2 + 3*v + 3. What is y(b)?
49
Let k(d) = d**2 - 9*d + 3. Let i(z) = z - 1. Let h(x) = 3*i(x) + k(x). Suppose 5*b + 14 = -6. Let p be (4/(-6))/(b/30). Calculate h(p).
-5
Let g(i) = 5*i + 1. Suppose 0 = 5*f + 4*r - 260, -3*f + 2*f + 3*r = -33. Suppose -7*w - 41 = -f. Give g(w).
6
Let m(q) = q**2 + 4*q - 3. Suppose 6*l - 3*l = -18. Let i be l - (0 + -4 - (-10 - -8)). Calculate m(i).
-3
Suppose 2*d + d + 36 = 0. Let q be d/(-8) - (-94)/4. Suppose 4*a + q - 1 = 0. Let s(k) = k**3 + 6*k**2 + k - 5. Calculate s(a).
-11
Let p(n) = -16*n - 38. Let j be p(-3). Let q(v) = -v**3 + 10*v**2 - 5. Give q(j).
-5
Let j(s) = s**3 - 8*s**2 - 4 + 1 - 356*s + 2*s**2 + 362*s. Let l = 11 + -6. Give j(l).
2
Let n = 74 + -74. Let l be 2/(1 - 0/1). Suppose -2*b + n*r = 5*r - 33, -l*r + 10 = 0. Let g(o) = -o**2 + 4*o + 5. What is g(b)?
5
Let u(w) = 1 - 11 - 623*w + 622*w. Determine u(-10).
0
Let a be (1 - 25/5) + 6. Let x(k) = 0*k - 15 + 0*k - a*k + k. Determine x(0).
-15
Let p(r) be the second derivative of -r**4/12 + r**3/3 + 4*r**2 - 2*r - 2302. Suppose -2 = -3*g + 10, 3*g = -3*m + 30. Calculate p(m).
-16
Let h be (-8 + 7 + 8)*1. Let k(q) = q**3 - 7*q**2 - 2*q + 1. Determine k(h).
-13
Suppose 2*t = 3*u + t - 41, -4*u = 4*t - 60. Let w = -9 + u. Let r be (4/w)/((-8)/20). Let z(b) = b**3 - 3*b**2 - 3*b. Calculate z(r).
-14
Let d = 112 + -78. Let t(b) = -32 + b + 0*b - d + 71. Determine t(-8).
-3
Suppose 0*x + 5*w - 33 = -4*x, -4*x - 2*w + 30 = 0. Let z(o) = 7*o**3 - 19*o**2 + 3*o - 5. Let h(l) = l**3 - 2*l**2. Let f(k) = 6*h(k) - z(k). Calculate f(x).
-16
Let d(b) = -3*b**2 + 35*b + 5. Let c be d(12). Let j(o) = -o**3 - 7*o**2 - o - 5. Calculate j(c).
2
Suppose -c + 0 = 1. Let v be 1 - (0 - c - 0). Let l(m) = -1 - m - 12*m**2 - 4*m**2 + 15*m**2. Determine l(v).
-1
Let m be (1 - 0) + (-2 - -3). Suppose 0 = -93*i + 87*i + 18. Let u(q) = 4*q**3 + 14*q + q**m + 6 + 4*q**2 - 9*q - i*q**3. Calculate u(-4).
2
Let r(b) = -b - 16. Suppose -18*i - 18 = 2*g - 14*i, i - 3 = 0. Calculate r(g).
-1
Let n = 11 + -9. Suppose n*z + 12 = 26. Let q(h) = -3 - 3 + z + 1 + h. Calculate q(-3).
-1
Let w(y) be the first derivative of y**4/24 + 7*y**3/6 + y**2/2 + 38. Let d(j) be the second derivative of w(j). Calculate d(6).
13
Let p(y) = -4 - 12*y**2 + 4*y**2 - 4*y**2 + y**3 + 2 - 3*y**2. What is p(15)?
-2
Let x(r) = -3*r**2 - 29*r - 20. Let p(m) = -2*m**2 - 19*m - 13. Let l(q) = 8*p(q) - 5*x(q). Let b be 5/(10/(-15)*12/8). Determine l(b).
6
Let v(g) be the first derivative of g**4/4 - g + 187. Let u(o) = -o + 6. Let f be u(5). Calculate v(f).
0
Let x = 9 + -4. Let g(y) be the third derivative of -7/24*y**4 - 19*y**2 - 1/15*y**5 - 1/3*y**3 + 0*y + 0 + 1/120*y**6. Calculate g(x).
-12
Let n(d) = -d**3 + 19*d**2 - 17*d - 15. Suppose -22 = -5*q + 68. What is n(q)?
3
Suppose 9*c - 6 = 8*c. Let t(v) = -10 + 3*v**2 + c - 4*v + 1 - 4*v**2. Give t(-4).
-3
Let o be (1 - -2)*-1 + 52. Let s(q) = -19*q**2 + o*q**2 - 27*q**2 + 1 - 3*q. Give s(2).
7
Let f(h) be the second derivative of 0 + 1/2*h**2 + 4*h + h**3. Let l(m) = m + 4. Let v be l(-3). Calculate f(v).
7
Let v(a) = 14*a + 4*a - 14*a + 2*a - 2. What is v(3)?
16
Let m(h) = h + 26. Suppose -3*t + 5*t = 6*t. Calculate m(t).
26
Suppose -a - 11 = d - 4*a, 0 = 4*d - 5*a + 30. Let z(u) = 0*u - 8 + 0*u - u. Determine z(d).
-3
Let h(g) = -6*g**3 + 2*g**2 + 17 + 11*g - 9*g**2 - 7*g**2 - 7*g**2. Let r(z) = 3*z**3 + 10*z**2 - 5*z - 8. Let s(c) = 6*h(c) + 13*r(c). Determine s(-2).
-12
Suppose -68*v + 69*v + 2*u - 6 = 0, v - 5*u + 22 = 0. Let d(x) = -x**2 + x + 2. Determine d(v).
-4
Let u(q) = 391 - q - q - 385. Suppose -4*r = 13 + 7. Give u(r).
16
Let u(n) = -n + 4. Let i = 7 - 4. Let y be i - 0 - (-21 + -1). Suppose 5*p + 3 = -3*w, -2*p = 4*w - 5*p - y. Determine u(w).
0
Suppose 2*q = 3*p + 8, 2*q + 0*q = 2. Let k(v) = 3*v**2 + 2*v - 2. Give k(p).
6
Let n = -53 - -54. Let q(s) = -5 + 5*s - n - 7*s + 9. What is q(-3)?
9
Let q(f) = -f**3 + 4*f**2 + 4*f - 4. Let n(i) = -i**3 + 6*i**2 - 3*i + 8. Let y be n(5). Let d be 24/9 + (-12)/y. Let p be d/3 + 39/9. Give q(p).
-9
Let j = 26 - 23. Let x(t) = 5*t - 2*t**2 - t**3 - j*t + t**2 - 4 - t**2. Calculate x(-3).
-1
Let t be (-7 + 6)/(2/2). Let o(y) = 9*y**2. Determine o(t).
9
Suppose -32 = -a - 3*a. Suppose -a = d - 3*d. Let t(m) = -4*m + 6. Let y(o) = 5*o - 5. Let w(b) = 4*t(b) + 3*y(b). Calculate w(d).
5
Let n(g) be the second derivative of g**5/20 - 5*g**4/12 - 5*g**3/6 - 2*g**2 + 2*g. Suppose 0 = 6*a - 5*a - 3. Let v be 27/6*4/a. Give n(v).
2
Let x(c) = c**3 + 6*c**2 + 3*c. Suppose -4*s = -3*a + 101, s = 3*a - 8 - 24. Let z be 26 + s + (-2*3 - -1). Give x(z).
10
Let g(b) = -b**2 - 21*b + 197. Let i be g(-28). Let c(p) be the third derivative of -5*p**4/12 + p**3/6 - 2*p**2. Give c(i).
-9
Suppose -5*k - 10 = 8*s - 3*s, 0 = 3*k - s + 10. Let v(r) = -r**3 - 4*r**2 - 3*r + 3. Let c be v(k). Let m(l) = c + 3*l + l**2 + 1 + 2*l + 3*l. What is m(-8)?
4
Let w(s) = s**2 + s - 3. Suppose 3*d - 26 - 64 = 0. Let v = -30 + d. Determine w(v).
-3
Let g(u) be the first derivative of -u**5/60 - u**4/6 + u**3/6 + 11*u**2/2 + 10. Let c(d) be the second derivative of g(d). Determine c(-3).
4
Suppose 4*j + 12 = 32. Let k(f) = 6*f - 13. Let w(h) = -7*h + 14. Let l(z) = 6*k(z) + 5*w(z). Give l(j).
-3
Suppose f + 2 = 6. Let n(t) = 0 - 1 + t**2 - f*t + t**2. Let v = 80 - 76. Determine n(v).
15
Let d(p) = -p**2 - 4*p + 49. Let q be (-2)/((6/15)/((-18)/(-10))). Give d(q).
4
Let f be (20/8)/(4/(-8)). Let k(c) = -c + 2. Let l(q) = q - 3. Let i(r) = f*k(r) - 3*l(r). Suppose 0*o - 2*o - 3*u = 7, 3*u + 12 = 3*o. What is i(o)?
1
Let i(h) = h**2 + 8*h + 6. Let n be i(-7). Let w(f) = 38*f**2 - 4*f + 7. Let y(k) = -25*k**2 + 3*k - 5. Let s(a) = -5*w(a) - 7*y(a). Give s(n).
-14
Let a = 87 + -87. Let z(b) = -b - 4 + a*b + 1 - b. What is z(-2)?
1
Let t(i) = i + 2. Let q(a) = -2*a - 5. Suppose -4*b + 4*k + 16 = 0, 0*k + k + 18 = 3*b. Let w(f) = b*t(f) + 3*q(f). Let r = -4 - -10. Calculate w(r).
5
Let b(x) be the first derivative of 3*x**2/2 - 20*x + 184. Determine b(6).
-2
Suppose 68 = -4*z + 24. Let h(w) = w**2 + 12*w - 7. Calculate h(z).
-18
Suppose a + 4*v - 74 = 0, 2*a + 2*a = 5*v + 191. Let j = a + -47. Let q(w) = w**3 - 8*w**2 + 9*w - 5. What is q(j)?
9
Let n = 27 - 25. Let i(m) = -4*m**n + 64*m - 2 - 64*m + m**3. Let z = 36 - 32. What is i(z)?
-2
Let w(a) be the first derivative of a**4/4 - 2*a**3 - 3*a**2 - 105. Give w(6).
-36
Suppose -11 = -r + 1. Let d(z) = -8*z + 8 - r*z + 18*z. Give d(6).
-4
Let q(s) = 5*s**2 - 3*s - 9. Let p(x) = x**2 - x - 2. Let f(d) = 9*p(d) - 2*q(d). Give f(-3).
0
Let u(c) = -c**3 + 6*c**2 - 6*c + 1. Suppose -4*o - 6*o = -10. Let w(b) = -2 + 5*b + 2. Let a be w(o). Calculate u(a).
-4
Suppose -2*l + 6*l = 0. Let a(n) = n + n**2 + 9 - 7 + 0*n - 5. Give a(l).
-3
Let a(r) = 69*r**3 - 142*r**3 + 9*r**2 + 4 - 9*r + 72*r**3. Give a(8).
-4
Let b(z) = 24*z**2 - 28*z - 8. Let q(c) = -11*c**2 + 13*c + 4. Let u(d) = 4*b(d) + 9*q(d). Give u(-3).
-38
Let z(i) = i + 1. Let u(f) = -f**3 + 12*f**2 - 12*f + 14. Let s be u(11). Suppose -4*y + y - s = 0. Let a be 4 - (6 + -4 + y). Give z(a).
4
Let k(u) = -9*u**2 + 40*u - 69. Let i(d) = 4*d**2 - 19*d + 34. Let r(j) = 7*i(j) + 3*k(j). Determine r(9).
-5
Let r(i) = 10*i**2 - 2*i - 7. Let o(c) = -2*c**2 + c. Let z(a) = -4*o(a) - r(a). Give z(-4).
-17
Let h(k) = k - 4. Let p(x) = -x + 6. Let j(n) = 